 Determine b(s).
-9
Let k be (-426)/(-24) + (-2)/(-8). Let n = k + -20. Let b(r) = 3*r**3 + 3*r**2 - 3*r. Let l(t) = t**3 + t**2 - t. Let o(c) = -b(c) + 2*l(c). Give o(n).
2
Let y(g) = -5*g - 31. Let h(i) = 12*i + 63. Let x(z) = 2*h(z) + 5*y(z). Let f be x(-29). Let w(t) be the first derivative of -t**2/2 + t + 25. Give w(f).
1
Let f(q) be the first derivative of -6*q + 1/4*q**4 + 8 - 3*q**2 - 4/3*q**3. Give f(5).
-11
Let r(o) = 108 + 28*o - 673*o**2 + 339*o**2 + 335*o**2. What is r(-24)?
12
Let x be 14/(1 - -1) - 0. Let f(r) be the third derivative of -r**4/6 - r**3 + r**2 - 23078. Give f(x).
-34
Let h = -942 - -945. Let n(b) = -14 - 13 + 5*b + 31 + h*b - 7*b. Determine n(-11).
-7
Let f(g) be the third derivative of -g**5/60 - g**4/4 + g**3/6 + 21*g**2 - g. Let s = -5 + 9. Suppose 0 = -3*q + 12, -40 = s*k - 2*q - q. What is f(k)?
-6
Let r(x) = -9*x - 2 + 3 + 3*x. Let y(a) be the first derivative of -a**4/4 + 4*a**3 - 9*a**2 + 82*a + 128. Let w be y(11). Calculate r(w).
-29
Suppose -6 = -566*w + 563*w. Let t(d) = -2 + 7*d + 1 - 4*d. Determine t(w).
5
Suppose 3 - 15 = -4*s. Suppose 4*a = -s*x - 8, 0*a + 21 = -5*a - x. Let c(z) = -z - 2. What is c(a)?
3
Let x(n) = n**3 - 13*n**2 + 1. Let r(i) = i**3 - 20*i**2 - 5*i + 3. Let z(h) = -r(h) + 2*x(h). Give z(5).
-1
Suppose -2*b + 5*f + 2 = 23, 0 = 2*b - 3*f + 11. Let t(w) = -w**2 + 2 - 10*w**3 + 10*w**3 + 3*w - w**3 - w**b. What is t(-2)?
-4
Let p(x) = -2*x - 175. Let v(r) = 28. Let z(w) = 3*p(w) + 15*v(w). Calculate z(-18).
3
Let s(d) = d**3 + d**2 + 4*d + 6. Let i(q) = 3*q**3 - 2*q**2 + 3*q - 2. Let h(n) = i(n) - 4*s(n). Determine h(-4).
-6
Let o(l) = -43 - 4*l + l**3 - 41 + 119 - 4*l**2 + 2*l - 38. What is o(5)?
12
Let t(d) = 2*d - 1. Let i be (11/22)/(1 - 83/84). Suppose 46*o - 16 = i*o. Determine t(o).
7
Let a(q) = 13*q - 50. Let b(p) be the third derivative of 7*p**4/24 - 13*p**3/3 + 306*p**2. Let t(f) = -6*a(f) + 11*b(f). Determine t(-6).
20
Let l(a) = 14*a + 7607 + 7614 - 15245 - a**2. What is l(8)?
24
Let w(f) = -3*f + 10. Let s(z) = -z + 264. Let l(x) = -s(x) - 6*w(x). What is l(17)?
-1
Let g(f) be the first derivative of -1/2*f**2 + 5*f + 47. Give g(5).
0
Let h(d) = -d**2 + 6*d + 9. Let g(u) = 81*u - 28. Let k be g(5). Suppose 247 = 13*x - k. Suppose 0*i = 6*i - x. Determine h(i).
-7
Let k(b) = 14*b - 41. Let m be k(5). Let c(j) = 6*j - 185. Let w be c(m). Let h(r) = r + 14. Give h(w).
3
Suppose -2*c - 5*w = -49 - 0, -4*w - 16 = -3*c. Let x(l) = -21 + l**2 - 9 - c*l + 32 + l. Give x(11).
2
Let c(k) = -23*k**2 - 6*k + 5*k + 52 - 35 - 14. Give c(2).
-91
Suppose 0 = -5*t, -5*b - 4*t + 12 - 2 = 0. Let j(r) = 0*r**2 + r**b + 1983*r - 3 + 0*r**2 - 1973*r. What is j(-8)?
-19
Let z(t) be the second derivative of -t**4/12 + 23*t**3/6 - 13*t**2/2 + 4846*t. Determine z(23).
-13
Suppose 0 = -9*s + 3489 + 1587. Let k = -558 + s. Let f(y) = y**2 - 5*y + 7. Give f(k).
13
Suppose -5*z + 12 = -2*r, 8*z = -2*r + 10*z. Suppose -r*t + 3*t - 2*h + 1 = 0, 2*t + h + 10 = 0. Let b(v) = -v - 8. Give b(t).
-1
Let z(t) = 2*t**2 + 3. Let f(g) = -3*g**2 - 5. Let y be 16/4*1 - 9. Let b(i) = y*f(i) - 8*z(i). Let r = -14 + 16. Determine b(r).
-3
Let n(z) = -105*z**2 - 103*z**2 - 99*z**2 - 16 + 26 + 308*z**2 + 10*z. Give n(-7).
-11
Suppose 0 = v + 4 - 6. Suppose k - w + 2 = 0, k - 4*k = -w + v. Let r = k + 1. Let a(g) = -12*g + 1. Give a(r).
-11
Let q be (-5)/(10/(-16)) + (-7 - -4) + 8. Let f(w) = -w**2 + 16*w - 31. Determine f(q).
8
Let d(f) = -f**2 - 2*f - 19. Let c(a) = a**2 + a + 20. Let q(w) = -5*c(w) - 6*d(w). Give q(-10).
44
Suppose 5*h = -246*c + 250*c + 22, 4*c - 78 = -5*h. Let k(s) = -s**3 + 17*s**2 - 72*s + 16. Calculate k(h).
-4
Let g(r) = 9050*r + 6 - 2 - 9031*r. Let d(y) = -41*y - 9. Let i(v) = -6*d(v) - 13*g(v). Suppose 0*s = 2*s. Give i(s).
2
Let d(u) = -u**2 - 8*u - 7. Suppose -4*m - 36 = 4*f, -5*m - 20*f - 15 = -25*f. Give d(m).
5
Let h(d) = -2*d - 12. Let u be h(-8). Suppose 4 = -2*m, -1 = u*i - m - 11. Let v(a) = 13*a**2 + 2 + a - 3*a**i - 11*a**2. What is v(-3)?
-10
Let n(c) = c**3 + 6*c**2 - 12*c - 54. Let i(h) = -h**2 - 460*h - 15267. Let w be i(-36). Determine n(w).
9
Let a(x) be the first derivative of 3*x**5/20 + x**4/12 + x**3/6 - x**2/2 + 172*x + 14. Let h(g) be the first derivative of a(g). Determine h(1).
4
Let b be -4 - 0/(-2 - -1 - (0 - -2)). Let q(t) = 2*t**3 + 7*t**2 - t + 10. Give q(b).
-2
Let l be (221/119)/((-2)/(-14)). Let i(p) = 8*p**2 + 6*p - l*p - 2 + 0*p**3 + p**3. What is i(-9)?
-20
Let v(x) = -4*x**2 - 7*x + 4. Let u(d) = 2*d**2 + 4*d - 2. Let i(p) = -5*u(p) - 3*v(p). Suppose 0 = -48*q + 44*q + 16. Suppose 0 = q*b - 2 + 10. What is i(b)?
4
Suppose 0 = 12*r - 110 + 146. Let d(t) = -7*t. What is d(r)?
21
Suppose 3*x + 1 - 7 = 0. Let t(a) = -3 + 0 + 0 + 7*a. Determine t(x).
11
Suppose -4*f - 20 = f. Let g(u) = -140713 + 422161 + 3*u - 140723 - u - 140716. Give g(f).
1
Let y(w) = 60*w**2 - w. Let z = -2399 + 2400. Determine y(z).
59
Let p(o) = -o**3 + 14*o**2 + 33*o - 14. Let g(u) = 2*u**3 - 13*u**2 - 36*u + 15. Let t(c) = 2*g(c) + 3*p(c). What is t(-14)?
2
Suppose -21 = -2*h + 3*f, 147*h - f + 35 = 151*h. Let g(o) = o**2 - 10*o + 4. Calculate g(h).
-5
Let q(k) be the third derivative of k**7/840 - k**6/120 + k**5/120 - k**4/6 + k**3/2 + 4*k**2 + 14*k. Let b(h) be the first derivative of q(h). Give b(3).
-1
Let x(f) = -4*f**2 + 8 + 2*f - 3*f + 3*f**2. Suppose 265*r - 1287 + 15 = -53*r. Give x(r).
-12
Let l(s) be the first derivative of 3*s**2 - s + 11. Let g(f) = -f**3 + 19*f**2 - 91*f + 5. Let t be g(10). What is l(t)?
-31
Let z(t) = -4*t**2 + 0 - 6*t - 3 + 3*t**2. Suppose -4*d - 18 = -2*q, -5*q = -2*d + 8 - 13. Give z(d).
2
Let b(k) be the third derivative of -k**6/120 - 3*k**5/20 - k**4/8 - k**3/3 - 465*k**2 - 2. Give b(-9).
25
Suppose f - c - 5 = 0, 0 = -3*f - 3*c + 27 + 18. Let g(q) = q**2 - 3*q + 11. Calculate g(f).
81
Let l(q) = q**2 - 10*q + 10. Suppose -6 = -5*x - 3*y, 4*y = -5*x + 2*y + 9. Let u be 3*((-6)/9 + x). What is l(u)?
-11
Let a(n) = -n**3 + 1. Let y = -81 + 87. Let w(j) = -j**3 + 6*j**2 + j - 1. Let h be w(y). Suppose 14*r = h*r. Calculate a(r).
1
Let t(o) = o - 4. Suppose -8*p - 2282 = 294. Let y = p - -314. Give t(y).
-12
Let u(z) = -31*z**3 + 59 + 30*z**2 + 30*z**3 - 4164*z + 4133*z. Give u(29).
1
Let x be ((-4)/(-8))/(2/(-20)). Let w = -421 - -413. Let y be 4/x - w/10. Let k(b) = -b**2 - b - 13. Give k(y).
-13
Let m(z) = -7*z**2 - 5*z - 7. Let w(u) = 4*u**2 - 30 + 21 + 2*u + 13. Let l(r) = -3*m(r) - 5*w(r). Let f = 41 + -46. What is l(f)?
1
Let o(f) = 18*f**2 - 4*f + 106. Let m(u) = 13*u**2 - 3*u + 72. Let t(k) = -7*m(k) + 5*o(k). Calculate t(5).
6
Let o(z) = 5*z**3 - 2*z**2 + z + 1. Suppose 5*q - 11517 = -28*q. Let f = 351 - q. What is o(f)?
35
Suppose 7*r = 4*r + 18. Let d(i) = -4 - 4 - i - r. Suppose -3*h = -2*a + 9, -58*h - 5*a = -61*h + 9. What is d(h)?
-7
Let x(i) = i**3 - 10*i**2 - 13*i + 1. Let w be (9/15 + 128/(-30))/(27/(-81)). Determine x(w).
-21
Let f(i) = -10*i**2 - 4*i + 10. Let u(a) = -7*a**2 - 3*a + 7. Let z(x) = 5*f(x) - 7*u(x). Suppose 30 = -19*k - 8. Let r be 10/(-4) - k/(-4). Determine z(r).
-11
Let i(h) = -h + 1. Let m(o) = -4*o + 5. Let v(j) = -5*i(j) + m(j). Suppose -4*c + 4*x - 44 = 0, -4*x = -3*c - 38 + 10. Let d = c - -21. Calculate v(d).
5
Let t(m) = m**3 - 4*m**2 - 5*m. Suppose -4*o = 4*i - 20, -14 = -4*i + o + o. Suppose i = 9*n - 41. Calculate t(n).
0
Let d = 263 + -261. Let h(c) = 6*c - 2*c**2 + 8*c**d + c**3 - c + 16 - 22. Determine h(-5).
-6
Let g = -12921 - -12918. Let a(b) = 9*b**2 - 2*b + 5. Calculate a(g).
92
Let l = 1 - -3. Let w(v) = 3*v**2 + 9*v + 1. Let c(r) = 2*r**2 + 8*r + 2. Let o be 4*(-6)/(-4) - 3. Let z(s) = o*w(s) - 4*c(s). Determine z(l).
-9
Let d(c) = c**2 + 8*c - 14. Let w be ((-1)/(-3))/((-2)/((-14130)/5)). Let r = w - 481. Calculate d(r).
6
Let v = 2349 + -3494. Let f = -1154 - v. Let g(z) = -1. Let s(k) = k + 13. Let y(n) = -6*g(n) - s(n). What is y(f)?
2
Let r(t) be the second derivative of 1/3*t**3 + 1/6*t**4 - 1/20*t**5 + 22*t + t**2 + 0. What is r(3)?
-1
Let c(b) = -b**3 + 11*b**2 - b + 10. Let a(s) = -s + 27. Suppose k + 176 = 12*k. Let q be a(k). Calculate c(q).
-1
Let c(z) = 2*z**3 + 42*z**2 - 64*z - 41. Let f(o) = -o**3 + o**2 + 7*o - 2. Let u(t) = c(t) + 3*f(t). Determine u(44).
-3
Suppose 0 